{"id":38,"date":"2026-02-14T10:33:31","date_gmt":"2026-02-14T10:33:31","guid":{"rendered":"https:\/\/dorpsraadbrummen.nl\/?page_id=38"},"modified":"2026-02-15T22:45:04","modified_gmt":"2026-02-15T22:45:04","slug":"werkwijze","status":"publish","type":"page","link":"https:\/\/dorpsraadbrummen.nl\/index.php\/werkwijze\/","title":{"rendered":"Werkwijze"},"content":{"rendered":"<p><strong>Het Bestuur bestaat op dit moment uit zeven leden. Vijf \u00e0 zes maal per jaar stemmen wij onderling de lopende zaken af. In de week daaropvolgend organiseren we een openbare vergadering waar iedereen welkom is. Tussentijds is er waar nodig mondeling of whatsapp contact. Ieder heeft een eigen aandachtsgebied of werkgroep waar zijn of haar aandacht naar uitgaat.<\/strong><\/p>\n<p><strong>De voorzitter<\/strong><\/p>\n<p>Van de voorzitter verwachten wij dat hij de grote lijnen bewaakt, vergaderingen voorzit en goede contacten met diverse partijen onderhoudt.<\/p>\n<p><strong>De secretaris<\/strong><\/p>\n<p>Ons secretariaat is verantwoordelijk voor de planning, organisatie en afhandeling van vergaderingen. Binnenkomende mail wordt vanuit het secretariaat naar de juiste bestuursleden doorgestuurd. Een andere taak is de communicatie met de media en overige ge\u00efnteresseerden.<\/p>\n<p><strong>De penningmeester<\/strong><\/p>\n<p>De penningmeester is verantwoordelijk voor de begroting, de uitgaven en inkomsten, de juiste financi\u00eble verslaglegging en verantwoording achteraf. De inkomsten zoals gemeentelijke subsidie en een bijdrage van de Brummense Ondernemers Vereniging en de uitgaven voor bijvoorbeeld de bloembakken en de kerstboom op de Markt, de bestuurlijke kosten (o.a. websitebeheer) en bijdragen voor wisselende projecten.<\/p>\n<p>Omdat goede communicatie een kunst is zijn er twee bestuursleden eindverantwoordelijk voor gemaakt. Ook bij de werkgroepen ligt een verantwoordelijkheid voor communicatie over hun specifieke onderwerp.<br \/>\nBij de Dorpsraad zijn er vele vormen van communicatie. De belangrijkste vorm is de openbare vergadering die meerdere malen per jaar gehouden wordt, met voorafgaand het inloopspreekuur. Iedereen kan daar zijn of haar zegje doen. Raadpleeg de <a href=\"\/agenda\">Agenda<\/a> voor al onze activiteiten. Daarnaast hebben we deze website, is er een <a href=\"\/#nieuwsbrief\">nieuwsbrief<\/a>, zijn we actief op Facebook en plaatsen we regelmatig een stukje in het Brummens Nieuws. U kunt ons bereiken via e-mail, telefoon, per brief of via het <a href=\"\/contact\">contactformulier<\/a> op de website. Voor persoonlijk contact met een bestuurslid kijkt u onder <a href=\"\/ons-team\">ONS TEAM<\/a>.<br \/>\nIn ons archief vindt u verslagen van voorgaande vergaderingen, presentaties, jaarverslagen enzovoort.<\/p>\n<p>Het bestuur heeft er voor gekozen om te werken met een structuur van <a href=\"\/werkgroepen\">werkgroepen<\/a>, met een actueel onderwerp als focus, met elk een eigen co\u00f6rdinator en \u00e9\u00e9n of meer betrokken bewoners. Binnen de afgesproken kaders kunnen deze werkgroepen autonoom functioneren. Terugkoppeling aan het bestuur van de voortgang en resultaten geschiedt via de co\u00f6rdinator.<\/p>\n\n    <div class=\"xs_social_share_widget xs_share_url after_content \t\tmain_content  wslu-style-1 wslu-share-box-shaped wslu-fill-colored wslu-none wslu-share-horizontal wslu-theme-font-no wslu-main_content\">\n\n\t\t\n        <ul>\n\t\t\t        <\/ul>\n    <\/div> \n","protected":false},"excerpt":{"rendered":"<p>Het Bestuur bestaat op dit moment uit zeven leden. Vijf \u00e0 zes maal per jaar stemmen wij onderling de lopende zaken af. In de week daaropvolgend organiseren we een openbare [&hellip;]<\/p>\n","protected":false},"author":1,"featured_media":0,"parent":0,"menu_order":0,"comment_status":"closed","ping_status":"closed","template":"","meta":{"_monsterinsights_skip_tracking":false,"_monsterinsights_sitenote_active":false,"_monsterinsights_sitenote_note":"","_monsterinsights_sitenote_category":0,"site-sidebar-layout":"default","site-content-layout":"","ast-site-content-layout":"default","site-content-style":"default","site-sidebar-style":"default","ast-global-header-display":"","ast-banner-title-visibility":"","ast-main-header-display":"","ast-hfb-above-header-display":"","ast-hfb-below-header-display":"","ast-hfb-mobile-header-display":"","site-post-title":"","ast-breadcrumbs-content":"","ast-featured-img":"","footer-sml-layout":"","ast-disable-related-posts":"","theme-transparent-header-meta":"default","adv-header-id-meta":"","stick-header-meta":"","header-above-stick-meta":"","header-main-stick-meta":"","header-below-stick-meta":"","astra-migrate-meta-layouts":"set","ast-page-background-enabled":"default","ast-page-background-meta":{"desktop":{"background-color":"var(--ast-global-color-5)","background-image":"","background-repeat":"repeat","background-position":"center center","background-size":"auto","background-attachment":"scroll","background-type":"","background-media":"","overlay-type":"","overlay-color":"","overlay-opacity":"","overlay-gradient":""},"tablet":{"background-color":"","background-image":"","background-repeat":"repeat","background-position":"center center","background-size":"auto","background-attachment":"scroll","background-type":"","background-media":"","overlay-type":"","overlay-color":"","overlay-opacity":"","overlay-gradient":""},"mobile":{"background-color":"","background-image":"","background-repeat":"repeat","background-position":"center center","background-size":"auto","background-attachment":"scroll","background-type":"","background-media":"","overlay-type":"","overlay-color":"","overlay-opacity":"","overlay-gradient":""}},"ast-content-background-meta":{"desktop":{"background-color":"var(--ast-global-color-4)","background-image":"","background-repeat":"repeat","background-position":"center center","background-size":"auto","background-attachment":"scroll","background-type":"","background-media":"","overlay-type":"","overlay-color":"","overlay-opacity":"","overlay-gradient":""},"tablet":{"background-color":"var(--ast-global-color-4)","background-image":"","background-repeat":"repeat","background-position":"center center","background-size":"auto","background-attachment":"scroll","background-type":"","background-media":"","overlay-type":"","overlay-color":"","overlay-opacity":"","overlay-gradient":""},"mobile":{"background-color":"var(--ast-global-color-4)","background-image":"","background-repeat":"repeat","background-position":"center center","background-size":"auto","background-attachment":"scroll","background-type":"","background-media":"","overlay-type":"","overlay-color":"","overlay-opacity":"","overlay-gradient":""}},"footnotes":""},"class_list":["post-38","page","type-page","status-publish","hentry"],"_links":{"self":[{"href":"https:\/\/dorpsraadbrummen.nl\/index.php\/wp-json\/wp\/v2\/pages\/38","targetHints":{"allow":["GET"]}}],"collection":[{"href":"https:\/\/dorpsraadbrummen.nl\/index.php\/wp-json\/wp\/v2\/pages"}],"about":[{"href":"https:\/\/dorpsraadbrummen.nl\/index.php\/wp-json\/wp\/v2\/types\/page"}],"author":[{"embeddable":true,"href":"https:\/\/dorpsraadbrummen.nl\/index.php\/wp-json\/wp\/v2\/users\/1"}],"replies":[{"embeddable":true,"href":"https:\/\/dorpsraadbrummen.nl\/index.php\/wp-json\/wp\/v2\/comments?post=38"}],"version-history":[{"count":0,"href":"https:\/\/dorpsraadbrummen.nl\/index.php\/wp-json\/wp\/v2\/pages\/38\/revisions"}],"wp:attachment":[{"href":"https:\/\/dorpsraadbrummen.nl\/index.php\/wp-json\/wp\/v2\/media?parent=38"}],"curies":[{"name":"wp","href":"https:\/\/api.w.org\/{rel}","templated":true}]}}